Let z be o(g). Let x = z + 126. What is the hundreds digit of x?
2
Let p(l) = 12*l - 96. Let i(a) = 13*a - 94. Let y(d) = 5*i(d) - 6*p(d). What is the units digit of y(-26)?
8
Let z = 745 + -1312. Let v = z - -1019. What is the units digit of v?
2
Let j(o) = -o**3 - 12*o**2 - o - 10. Let z be j(-12). Let u(a) = 3 + 34*a**3 - z + 56*a**3 + 2*a**3 + a**2. What is the tens digit of u(1)?
9
Let y(v) = v**2 - 26*v - 9. Let h(p) = 3*p - 3. Let x(u) = 4*u - 4. Let i(d) = -5*h(d) + 4*x(d). Let t(b) = 6*i(b) - y(b). What is the tens digit of t(24)?
9
Suppose -211*p = -204*p - 420. Let c = -37 - -41. Let a = p - c. What is the units digit of a?
6
Suppose -5*c - 5*d = 0, 9*c = 4*c - d - 16. Let o(b) = -42*b + 5. What is the hundreds digit of o(c)?
1
Suppose -143*g + 3 = -142*g. What is the tens digit of (-1 - -6 - (g - -1))*691?
9
Suppose -x + 5 = 2*o, 5*o - 5 = 4*o + 2*x. Suppose -t + 6 + o = 0. Suppose 6*f + 132 = t*f. What is the units digit of f?
4
Let x be 52 + 7/(7/(-4)). Suppose 0 = -11*w + 150 + x. What is the tens digit of w?
1
Suppose -231*h = -55*h - 1096758 - 2869754. What is the thousands digit of h?
2
Suppose -2010 + 447 = -3*b. Suppose 3*d = -5*g + b, 0 = 2*g + 3*d - 2*d - 208. Let k = g + -17. What is the units digit of k?
6
Suppose -h = -2, -6*o = -8*o + 2*h + 6. Suppose -1 = k - 4*i - 374, 0 = -o*k - 4*i + 1937. What is the units digit of k?
5
What is the units digit of 14268 + 273/(-147)*-7?
1
Suppose 5*t = -2*g + 106, -13*g + 48 = 3*t - 17*g. What is the tens digit of t?
2
Suppose s - 7*s = -14304. Suppose 5960 = -5*d - 2*w + 6*w, -2*d - 5*w - s = 0. What is the units digit of ((-2)/(-4))/((-4)/d)?
9
Let u be 4827*9/(-108)*4. Let w = -522 - u. What is the thousands digit of w?
1
Suppose -15 = -10*p + 5. Let q be ((-39)/(-26))/(p/((-272)/(-3))). Let v = -36 + q. What is the units digit of v?
2
Let g(o) = 2*o**3 + 4*o**2 + 2*o - 2. Let c(f) = -f**3 + 2*f**2 + 11. Let h be c(-3). Suppose -4*b + h = 44. What is the units digit of g(b)?
4
Suppose 0 = -m - 4, -2*m - 3129 = -3*w + 1304. Let u = w + -302. What is the tens digit of u?
7
Suppose 51*j + 48*j = -66*j + 5004450. What is the hundreds digit of j?
3
Let z(a) = a**3 + 16*a**2 + 22*a + 5. Let i be -14 - (-2 + (4 - 6)). What is the tens digit of z(i)?
8
Let f(t) = t**3 + 7*t**2 + t + 15. Let g be f(-7). Suppose g = -a + 2*l, 4*a - 7 = 2*l - 27. What is the units digit of 3/1 + a/(-2)?
5
Let f = -20 + 33. Suppose k - 5*m - 4 - f = 0, -5*k - 23 = 2*m. Let d(b) = b**2 + 3*b + 4. What is the units digit of d(k)?
4
Let v be 730/22 + -4*9/198. Let l = 185 - v. What is the tens digit of l?
5
What is the units digit of 6/(-15)*255/204*-2408?
4
Suppose -11*w + 15*w - 55912 = 4*n, -w = -4*n - 14002. What is the hundreds digit of w?
9
Suppose 248 = 4*l + 240. What is the tens digit of 89*((-2)/l - 8/(-4))?
8
Let g(i) be the second derivative of -7*i**4/6 - 5*i**3/6 - 3*i**2/2 + 30*i. Let c be g(-1). What is the units digit of (4/6 - c/(-12))*-69?
3
Let v(b) = 294*b**2 + 59*b + 30. What is the ten thousands digit of v(6)?
1
Let g be ((2 - 20)/3)/(-2). Let o be 296/16 + g/(-2). What is the tens digit of 183/2*(o + -15)?
8
Suppose -263*w + 4411450 + 4989748 = 0. What is the units digit of w?
6
Suppose 6*o - 13 - 11 = 0. Suppose o*m + 306 = 2526. What is the units digit of m?
5
Suppose 40*v + 38608 = 56*v. What is the hundreds digit of v?
4
What is the hundreds digit of 4 + (74851/28)/(4 + 30/(-8))?
6
Let u = 36698 - 21689. What is the units digit of u?
9
Let p be 310/30 + -10 + 3466/(-3). Let y = p - -1631. What is the units digit of y?
6
Suppose m + 11 = -3*l - 26, -2*l + 5*m - 19 = 0. Let f(q) = -2*q**2 - 29*q - 1. What is the tens digit of f(l)?
5
What is the ten thousands digit of -5*((-323932)/70 + 9)?
2
Suppose 4*y + k - 28527 = 0, -y - 74*k = -75*k - 7128. What is the thousands digit of y?
7
Suppose 18 - 10 = -4*j. Let u be (j/(-3))/(12/2214). Suppose 5*m - 12 = u. What is the units digit of m?
7
Suppose 0 = -3*r - 2*b + 7922, 20*b = 5*r + 24*b - 13206. What is the units digit of r?
8
Suppose 0 = 13*h - 6*h + 1057. Let a be 56/(-476) - (1 - 261/51). What is the units digit of h*a/(-2 + -2)?
1
Let z = 2974 + -932. What is the hundreds digit of z?
0
What is the units digit of ((-8)/(-6) - 1)/((-68)/278052)*-9?
7
Let c be 1484/4 - (0 - 0/2). Let j = c + 86. What is the units digit of j?
7
Let i = 54292 - 30996. What is the ten thousands digit of i?
2
Let g(j) = j**3 - 20*j**2 + j + 28. Let q be g(20). Suppose -23*m - q = -17*m. Let i = 40 - m. What is the units digit of i?
8
Let b be 7/(-3 - (-10)/4). Let r be 6/(-4) - 21/b. Suppose -c = -j - r*c + 6, 3*j = c + 14. What is the units digit of j?
4
Let s(p) = -237*p - 142. Let r(a) = 158*a + 95. Let v(i) = 7*r(i) + 5*s(i). What is the units digit of v(-4)?
1
Let s be -3*40/30 + -1221. What is the tens digit of (-4 + s)*(-5)/((-5)/(-1))?
2
Suppose 9*d - 66 = 6*d. Let n = d + 33. Let i = n + 24. What is the units digit of i?
9
Let a be (0 - 3) + (-9)/(-3). Suppose -3*v - 2*m + 32 = a, 38 = 2*v + v - m. Suppose 5*q + 0*x + x = v, -5*q + 6 = 3*x. What is the units digit of q?
3
Let m be 603/(-15) + (-3)/(-15). Let f be 3 - (-2 + 10*4). Let a = f - m. What is the units digit of a?
5
Let w(a) be the first derivative of -1/3*a**3 + 23/2*a**2 + 6*a - 13. What is the units digit of w(10)?
6
Suppose -11511 - 19702 = -u - 2*s, -2*s = 2*u - 62416. What is the units digit of u?
3
Suppose -13*c - 13626 = 5978. Let z = c + 2142. What is the units digit of z?
4
Suppose -14*d + 41069 = 5*d - 12*d. What is the units digit of d?
7
What is the tens digit of (-969246)/(-12) - (-99)/22?
7
What is the ten thousands digit of 192561/17 + -12*7/714?
1
Let v be (-1 - 9/(-6))*90/9. Let x(p) = -p**2 - 4*p. Let r be x(-3). What is the units digit of (v + -361)*r/(-4)?
7
Suppose 0 = 3*k + 3*g - 25964 + 953, k - 8345 = 3*g. What is the thousands digit of k?
8
Let a be 12*-2*2/(-6). Let h(z) = 5*z + 25. Let q(u) = -4*u - 24. Let c(t) = 4*h(t) + 3*q(t). What is the tens digit of c(a)?
9
Let p(n) = -8 + 4*n**2 - 10 + 5 - 10 - 4*n. Let u be p(-9). Let m = -163 + u. What is the tens digit of m?
7
Suppose -y = 2, -5*j + 17811 = -8*y - 17785. What is the units digit of j?
6
Suppose -11*k = -3*l - 508130, 11369 = -3*k + 4*l + 149934. What is the thousands digit of k?
6
Let g be 2/(-18)*3 + 512/24. Suppose 0 = g*i - 26*i - 3*s + 2590, -i = 2*s - 518. What is the hundreds digit of i?
5
Let c(x) = 2*x**2 - 43*x + 74724. What is the units digit of c(0)?
4
Let q(g) = g**3 - g + 1. Let p(f) = -17*f**2 + 2*f - 6. Let i(z) = p(z) + q(z). Let j be i(17). What is the units digit of 129/9 - 2/(j/2)?
4
Suppose -3*u - 14 = -r, u + 2 + 0 = r. Let m(i) = 37*i**3 - 3*i**2 + 3*i - 2. Let l be m(2). What is the units digit of ((-4)/u)/(580/l + -2)?
8
Suppose -93*c + 109*c - 270288 = 0. What is the hundreds digit of c?
8
Suppose 2*d + 19195 = 6*d - 34205. What is the tens digit of d?
5
Let w(r) = r**2 - r. Let a(p) = -365*p**2 - 9*p + 4. Let k(m) = -a(m) + 6*w(m). What is the hundreds digit of k(1)?
3
Let j = 100826 - 51923. What is the tens digit of j?
0
Let n be 118*3/(24/380). Suppose 0*t + 5*t - n = 0. What is the hundreds digit of t?
1
Suppose -30*j = 36640 - 165527 - 139373. What is the thousands digit of j?
8
Suppose -3*i - 4*p - 8 = 0, -16*p + 17*p + 25 = 5*i. Suppose -i*s + 2373 + 7 = 0. What is the units digit of s?
5
Let i be (1804 - 7)*((-6)/(-9))/(-1). Let z = -596 - i. What is the units digit of z?
2
Let h be 41 + -9 + (1 - -3). Let z = -6 + h. Suppose -4*p + z = 2*n, -2*p + 35 + 31 = 4*n. What is the units digit of n?
7
Let f = 8917 + -4569. What is the thousands digit of f?
4
Suppose 16 = 4*b, -3*o + 5*b - 10*b = -38. What is the units digit of 697 + (-8 - -7) + o?
2
Suppose 2470*p + 635778 = 2503*p. What is the units digit of p?
6
Let k = 4 + 4. Let q be (-7 - -3)/k*-210. Suppose -q = -5*n + 230. What is the units digit of n?
7
Suppose 0 = -2*y + 4*l - 2*l + 218, 2*y + 3*l - 238 = 0. Let m = y - 17. Suppose 2*i - 24 = m. What is the tens digit of i?
6
Suppose 0 = 5*b + 4*s - 80, 4*b - 2*s - 64 = -s. Suppose 18*q = b*q + 280. What is the tens digit of q?
4
Let t(w) = 17*w - 7. Let m be t(5). Let s be ((-3540)/(-5))/(-4)*-1. Let x = s - m. What is the tens digit of x?
9
Let n = -36 + 39